n divisor of 1878 and d?
6
Let p be 49/(-14) + 4136/16 + 5. Calculate the greatest common divisor of 4524 and p.
52
Let p be -2*(9/6)/(-3). Let z = 61 + -56. Suppose 0 = -4*o - z + 37. Calculate the greatest common factor of o and p.
1
Let f(b) = 73*b**2 - 77*b - 293. Let q be f(-4). Calculate the greatest common divisor of 14 and q.
7
Let a(b) = -2*b - 66. Let y(m) = 4*m + 134. Let p(u) = 7*a(u) + 4*y(u). Let h be p(-32). What is the highest common divisor of 250 and h?
10
Let h(f) = 8*f - 24. Let l be h(7). Let m(c) = -2*c**3 + c**2 + 12*c - 12. Let a be m(-6). Calculate the greatest common divisor of l and a.
32
Suppose -3*d - z = -3377, 5675 = 5*d - 116*z + 111*z. What is the highest common factor of d and 1833?
141
Suppose -3874 - 3941 = -4*o + 1513. What is the highest common factor of o and 66?
22
Suppose 4778 + 1072 = 47*x - 17*x. Calculate the greatest common factor of x and 1495.
65
Let q = -3873 + 4115. What is the greatest common divisor of q and 605?
121
Suppose -4*g - 23 = -4*r - 47, -r = 4*g + 1. Let w(n) = -n**3 - 5*n**2 - 10*n - 16. Let s be w(r). Calculate the highest common factor of 391 and s.
17
Suppose 9*i - 37740 = 6*i - 71*i. Calculate the greatest common divisor of i and 20.
10
Suppose 21262*v - 9130 = 21252*v. Calculate the greatest common divisor of 498 and v.
83
Let g be 17 + 4 + 1 + 3. Suppose -112*i = -107*i - g. Suppose -8*y + 29 = i. What is the highest common factor of y and 9?
3
Let r(l) = 22*l + 82. Let q be r(-4). Let y be (0 + q/4)/((-4)/152). What is the greatest common divisor of 19 and y?
19
Let t be 3 + -8 + (-3)/(-1). Let v be t - (-2 + 3)*-7. Suppose 3*h = -v*h + 96. What is the greatest common divisor of 24 and h?
12
Let b be (-246)/8*(-2040)/544*(-32)/(-6). Suppose q = 3*q - 30. What is the greatest common divisor of q and b?
15
Let x(a) = 75*a**2 - 17*a - 112. Let c be x(-5). What is the highest common divisor of 224 and c?
56
Let d = -21 + 30. Let w(c) be the first derivative of 5*c**2/2 - 9*c - 17. Let m be w(2). Calculate the greatest common divisor of d and m.
1
Let a = -16060 + 16102. Calculate the highest common divisor of 9723 and a.
21
Suppose 6*b + 252 = 5*w + 3*b, w - 48 = 3*b. Suppose s - 339 + w = 0. Let q = s + -168. Calculate the highest common divisor of q and 30.
30
Suppose -106*k + 228*k - 57024 = 89*k. What is the greatest common divisor of k and 84?
12
Let r(h) = h**2 - 15*h + 13357. Let c be r(0). What is the greatest common factor of c and 37?
37
Suppose -5*l = g - 2671, 0*l - 2*g + 2667 = 5*l. Suppose -28*w + l = 31. Let p = 16 + 2. What is the highest common divisor of w and p?
18
Let j(i) = 34*i**2 - 104*i - 432. Let d be j(-4). Calculate the highest common divisor of 99 and d.
33
Let l be 5650/(-226) - (0 + -57). Calculate the highest common divisor of l and 584.
8
Suppose -3*s = -12 + 3. Let k(a) = -2*a**3 + 0*a - 2 - 7*a**2 + s*a**3 + a + 0*a**3. Let y be k(8). Calculate the greatest common factor of y and 10.
10
Let x(l) = l**2 - l + 5. Let b be x(0). Let g = 502 + 5. Let u = 509 - g. What is the highest common factor of b and u?
1
Let y be (-36)/(-162) - 26546/(-18). What is the greatest common factor of 236 and y?
59
Let g(m) = -6*m**3 + m**2 - 2. Let c be g(-1). Let i(f) = 13*f**2 - 32*f + 15. Let d be i(c). Calculate the highest common factor of d and 20.
20
Let t = 12701 - 8845. Calculate the highest common factor of t and 2651.
241
Let y = 29799 - 25136. Calculate the highest common divisor of y and 1.
1
Suppose 0 = 2*f + 2*w - 92, -3*f - f + 200 = -4*w. Let g = 5312 + -5300. Calculate the highest common divisor of f and g.
12
Suppose 0 = -4*r + 2*o + 3698, -4*r - 3*o - 564 + 4257 = 0. Suppose -297 = -3*z + r. What is the highest common factor of 11 and z?
11
Suppose 0 = 169*t + 16*t + 22*t - 8694. Let p = -7 - -13. Let g be (-45)/p*(0 + -14). Calculate the greatest common divisor of t and g.
21
Suppose -43 = 54*t - 57*t + 2*n, 5*n = 3*t - 40. What is the highest common divisor of t and 245?
5
Let z(c) = c**3 + 13*c**2 + 40*c - 8. Let t be z(-11). Let q = 326 + t. What is the greatest common factor of 45 and q?
15
Let w = 31626 - 17989. What is the highest common factor of w and 13?
13
Let g be 5/3*(-7 - 14). Let s = g - -25. Let v(n) = n**2 + 8*n - 11. Let c be v(s). Calculate the highest common factor of 18 and c.
9
Let l(f) = -23*f - 179. Let i be l(-7). Let z be (22720/18 - (-4)/i) + -4. Calculate the greatest common factor of 74 and z.
74
Suppose 87*l + 141*l - 3312 - 5352 = 0. Let m be 416/1 + (2 - 0). What is the greatest common divisor of l and m?
38
Suppose 255 - 753 = -6*t. Calculate the highest common divisor of t and 1079.
83
Let u = -14 - -29. Let v be (-2)/(-13) + (20496/104)/(-7). Let w be v/(-3) - 14/(-21). What is the greatest common divisor of w and u?
5
Let l = 16896 - 16827. Let w be 92*(-3 + 0 + 4). Calculate the greatest common factor of l and w.
23
Suppose -75*b = -297934 - 46766. What is the highest common factor of 12 and b?
12
Let h = 56 - 23. Suppose -4*a = -h - 7. Suppose -2*p = -a*p + 648. Calculate the highest common divisor of 3 and p.
3
Let c(u) = 244*u**2 - 58*u + 196. Let y be c(4). Calculate the greatest common factor of y and 4.
4
Let j(i) = i**3 - 13*i**2 + 26*i - 13. Let q be j(13). Suppose -p - 2*y - y + 49 = 0, 0 = -5*p + y + q. Calculate the highest common factor of p and 160.
32
Suppose 251*f - 255*f = -4*a + 1156, 4*a - 2*f = 1156. What is the greatest common divisor of 136 and a?
17
Let s(t) = t**2 - 14*t + 13. Let v be s(13). Suppose 38*j - 35*j - 30 = v. What is the greatest common divisor of j and 55?
5
Let x(b) = 42*b + 175. Let k be x(-4). Suppose 1310 = 2*d + 2*m, 3*d - k*m - 1985 = -6*m. Calculate the highest common divisor of d and 180.
60
Let p(x) = -x - 26. Let q be p(-30). Suppose 2*c = -3*s - 20 + 133, q*s = 3*c - 161. Calculate the highest common divisor of c and 220.
55
Suppose -100*q + 4919 = 166*q - 933. Let y be (-3 - -1)*22/(-4). What is the highest common factor of y and q?
11
Let w(u) = u**2 + 9*u - 16. Let f be w(-11). Let o = 27 - f. What is the greatest common factor of 28 and o?
7
Let c = 55 + -39. Suppose -36*v + 17*v + 16112 = 0. Calculate the highest common divisor of c and v.
16
Let d(l) be the first derivative of 55*l**2 + 21. Let n be d(1). Let x = 136 - n. What is the greatest common factor of 2 and x?
2
Suppose -19*w = -4*h - 15*w + 76, w - 45 = -3*h. Suppose -3*y - 53 = -k, -3*y - 117 = -2*k - 8*y. Calculate the highest common divisor of h and k.
8
Let p be (-6 - -3) + (5 - (-10 - 31)). What is the greatest common factor of 2623 and p?
43
Let x(n) = -1685*n - 8631. Let k be x(-9). Calculate the highest common divisor of k and 6.
6
Suppose -26*r + 22*r = 2*q - 214, 3*q = -4*r + 217. What is the greatest common factor of 7228 and r?
52
Suppose 12*c + 17*c - 2945 = 28172. What is the greatest common factor of c and 116?
29
Suppose 198*d - 194*d + 5*o - 2034 = 0, -3*o + 1524 = 3*d. What is the highest common factor of d and 110?
22
Let q = -2432 - -2616. Let t(z) = 2*z + 1. Let k be t(1). Let u(n) = 4*n**2 + 3*n + 1. Let o be u(k). What is the greatest common divisor of o and q?
46
Let f(c) = 22*c**2 - 26*c - 4. Let i be f(8). What is the highest common factor of i and 520?
52
Suppose -122*f - 21 = -129*f. Let d(n) = -24*n + 95. Let s be d(f). What is the highest common factor of 23 and s?
23
Let g = 336 + -456. Let r be (g/7)/(39/(-819)). Calculate the greatest common factor of r and 40.
40
Let f = -15 + 27. Let h(n) be the first derivative of -4*n**2 - 20*n + 1. Let j be h(-4). Calculate the highest common factor of j and f.
12
Let q = 2858 - 2671. Suppose 15*y = 23*y - 440. What is the highest common factor of y and q?
11
Let d = 285 + -279. Let v be (5 - 11)/(2/(-9) + 0). Calculate the highest common factor of d and v.
3
Let y(h) = h + 1. Let s be y(5). Suppose 0 = 3*v - 8*v + 1480. Suppose -4*x + 2*o - 32 = -v, 5*o = -3*x + 198. Calculate the highest common factor of x and s.
6
Let x(n) = -7*n**2 + 225*n - 232. Let z be x(31). Calculate the greatest common divisor of 54 and z.
2
Suppose 4*z = 20, -2*d + 19 = -d + 4*z. Let r be (d + -11 - (-32)/(-16))*-2. Calculate the highest common divisor of r and 8.
4
Let h = 4826 - 857. What is the highest common factor of 49 and h?
49
Let f = -5